(h) = 2*h**3 - 3 - 26*h**2 + h + 51*h**2 - 29*h**2. What is x(3)?
18
Let a(z) = z**2 + z - 6. Let c be (-8)/(-20) - 8/20. Calculate a(c).
-6
Suppose 0 = -5*r - 3 - 12, 4*r = 2*s - 2. Let t(p) = p + 8. Give t(s).
3
Let b(a) = 2*a + 4. Suppose -p + 4*c + 2 = -6, 0 = -4*c - 4. Determine b(p).
12
Let x(k) = k**3 - 6*k**2 + k + 4. Suppose 3*y - 6*y - 6 = 0. Let f = 8 + y. Give x(f).
10
Let m(v) be the third derivative of v**4/3 + v**3/2 - 40*v**2. What is m(-2)?
-13
Let s be 4/18 - (-86)/18. Suppose 16 - 1 = -s*p. Let d(m) = 2*m**2 + 5*m + 4. What is d(p)?
7
Let q(k) = -k**3 - 7*k**2 - 6*k + 5. Let g(s) = -2*s + 8. Let z be g(7). Give q(z).
5
Let g(p) be the first derivative of 2*p**3/3 + 5*p**2/2 + 3*p + 7. Give g(-3).
6
Let c(z) = z + 2. Suppose 0 = -4*r - 2*i + 4, r + r = -3*i + 6. Let v be c(r). Let m(s) = -v - s + 2*s + 0*s. Calculate m(0).
-2
Suppose -2*h + x = 17, -5*x + 22 = -3. Let r(w) = -w**2 - 6*w - 8. Give r(h).
-8
Let i(w) = 4*w + 4. Let b(o) = 3*o + 3. Let r(n) = 6*b(n) - 5*i(n). Calculate r(-2).
2
Let d(b) = -2 - b + 6*b**2 - 4*b - 7*b**2. Give d(-4).
2
Let g be (6/(-4))/(6/(-32)). Suppose -3*b = -i - b + 3, 3*i = -4*b + 29. Let l = g - i. Let k(q) = -3*q + 1. What is k(l)?
-2
Let a(i) = i**2 - 4*i - 5. Let f(d) = -11 - 5*d - d**2 + d**2 - 3*d + 2*d**2. Let g(q) = 7*a(q) - 3*f(q). Let k be 5 + -2*(-2)/(-4). Calculate g(k).
-2
Suppose 1 = -0*k + k. Let f(l) = -3*l**2 + 4*l**2 + l + k + 0*l**2. Give f(0).
1
Let g(w) = 2*w + 2. Suppose j = 7 - 10. Calculate g(j).
-4
Let c be (-6)/(-3) + -1 - -2. Let o(z) be the first derivative of 0*z**3 - 2*z**3 + z**2 + z + 2 + z**c. What is o(-1)?
-4
Let o(l) = -l + 10. Let j be o(7). Suppose 3*z = m + 10, j*m - 3 + 13 = 4*z. Let y(b) = 6*b**3 - z + 1 - b**2 + 3. Calculate y(-1).
-7
Let q(s) = -s**3 - 7*s**2 - 6*s + 4. Let n be q(-6). Let z = n + -1. Suppose v + z*v = 20. Let a(y) = -y - 1. Give a(v).
-6
Let r(b) be the second derivative of -b**4/24 - b**3/2 + 3*b**2/2 + 5*b. Let u(x) be the first derivative of r(x). What is u(3)?
-6
Let l(m) = -m**2 + m + 1. Let o(b) = 5*b**2 - 4*b - 3. Let y(z) = 6*l(z) + o(z). Let k be 3*2*2/3. What is y(k)?
-5
Let q(w) = -w + 1. Let t(b) = 13 - 10 + b**3 - 2. Let d(y) = q(y) - t(y). Give d(0).
0
Let n(l) = -5*l + 3. Let z(k) = 1. Let j(u) = 5*u - 5. Let m(w) = j(w) + z(w). Let q(g) = 2*m(g) + 3*n(g). Suppose 0 = -h + 6*h + 5. Calculate q(h).
6
Let j(s) = -s**3 - 4*s**2 + 2. Let b(n) = -11*n**3 + 2*n - 1. Let d be b(1). Let v = d + 6. Determine j(v).
2
Let p(i) = i**3 + 3*i**2 + 12*i - 1. Let y(j) = -j**2 + j - 1. Let x(s) = -p(s) + 5*y(s). Let k be x(-7). Let h(v) = -2 - 3*v + 7*v + 4 + 1. Give h(k).
-13
Let y(x) = -2*x - 1. Let w be 14/(-10) - 18/30. Let j be (1 + w)*(2 - 1). Calculate y(j).
1
Let l(n) = -2*n**2 - n + 2. Let u(p) = -p + 9. Let h be u(4). Suppose 3*x - 5*s + 1 = 0, -s - 4 = -x - h. Calculate l(x).
-4
Let i(p) be the first derivative of p**7/840 + p**6/120 - p**4/6 - p**3/3 - 1. Let a(g) be the third derivative of i(g). Let s = 6 - 9. What is a(s)?
-4
Let u be (-1)/2 - (-9)/6. Suppose -d + u = 4. Let q be d - -3*(2 - 3). Let m(t) = t**3 + 7*t**2 + 8*t + 8. Calculate m(q).
-4
Let r(g) = g - 10. Suppose -i - 2 = 3*u - 0*i, 4*u - 5*i = 10. What is r(u)?
-10
Suppose q - 9*q = -16. Let y(s) = 3*s - 2. What is y(q)?
4
Let h(n) = n**3 + 6*n**2 + 4*n + 7. Suppose 0 - 10 = -g. Suppose -4*d = -2*b - g, -b - 3*d - 5 = -0*d. Determine h(b).
12
Let j(i) = -6*i - 2. Suppose 0*c - 2 = c. What is j(c)?
10
Let f(g) = -3*g + 1. Let u(l) = -2*l + 1. Let t(x) = -3*f(x) + 4*u(x). Calculate t(-3).
-2
Let z(i) = -i**2 + 3 - 3*i + 2*i**2 - i. Calculate z(4).
3
Let i(n) = n**2 - 6*n - 6. Let w be i(7). Let z(b) = -5*b - 3*b + 5*b - w + 3. Calculate z(-3).
11
Let a(n) = -n**2 - 2*n + 6. Suppose 0 = l + 2*r + 11, 2*l - r = -3*l - 22. Calculate a(l).
-9
Let v(z) = z**3 + 4. Let u be (-3)/(-4 - -10)*0. Determine v(u).
4
Let o(w) = w**3 + 11*w**2 - 7*w + 3. Let f(u) = -3*u**3 - 32*u**2 + 20*u - 8. Let y(c) = 6*f(c) + 17*o(c). Calculate y(-4).
-17
Let i(u) be the second derivative of 4*u**3/3 - u**2/2 - 10*u. Let r(d) = d**2 - 4*d - 4. Let a be r(5). What is i(a)?
7
Let a(p) = -p**3 + 5*p**2 + 5. Let s be (-2)/(-7) + 78/21. Suppose 0*r = -r - s. Let q = 1 - r. Give a(q).
5
Suppose 0 = -5*j + 2*n + 24, 5*j + 11 - 29 = 4*n. Let u(o) = o**2 + 1. Let b(q) = -7*q**2 + 7*q - 13. Let s(c) = b(c) + 6*u(c). Determine s(j).
-1
Let f(g) be the third derivative of 0*g**3 + 0*g - 1/24*g**4 + 1/60*g**5 - g**2 + 0. Calculate f(-3).
12
Let y = 371 + -168. Let a(f) = y*f**2 + 1 - f + 6*f - 204*f**2. Calculate a(5).
1
Let a(o) = o**2 + 9. Let l = 18 - 11. Let p(i) = -i**2 + 6*i + 7. Let y be p(l). What is a(y)?
9
Suppose g - 6*g = -5. Let m = 2 + -2. Suppose m + g = h. Let k(f) = -f + 1. Determine k(h).
0
Suppose 7*l - 12 = 4*l. Let h(x) = -3*x + 6. Calculate h(l).
-6
Let x(o) be the third derivative of o**5/60 - o**4/3 + 7*o**3/6 + 25*o**2 - 2. Let k be 2*(3 - (-1 + 1)). Give x(k).
-5
Suppose -4*c + 5*t - 13 = 20, -2*c - 3*t + 11 = 0. Let w(n) = -n**2 + 2*n + 3. Determine w(c).
-5
Let x be ((-24)/(-18))/((-5)/(315/(-12))). Let m(h) = -h**3 + 8*h**2 - 9*h + 10. Determine m(x).
-4
Let z(s) = -s - 2. Suppose 5*m + g - 20 = 0, -2*m + 5*g = 18 + 1. Calculate z(m).
-5
Let m(w) = 5 + 4*w + 7*w - 13*w. Give m(5).
-5
Let s(u) = -13*u**3 + 8*u**2 + u + 6. Let q(p) = 6*p**3 - 4*p**2 - 3. Let y(f) = -9*q(f) - 4*s(f). Suppose 0 = -4*h + 4*k + 8, 3*h + k = -k + 6. What is y(h)?
-5
Let r(o) = o**3 + 4*o**2 - 3*o + 6. Suppose 104 = 4*j - 0*g + 2*g, 3*g - 21 = -j. Suppose -17 = 4*a + j. Let s = a + 6. Calculate r(s).
-4
Let o(j) be the third derivative of j**5/60 + j**4/24 + j**3/3 - 7*j**2. Calculate o(2).
8
Let f = -4 + 8. Suppose -2*t + y = 6*y + 7, -5*y - f = -t. Let o(v) = 6*v. Calculate o(t).
-6
Let t(v) = -v**3 + 2*v**2 + 4*v - 3. Let q = -12 - -15. Determine t(q).
0
Let i(m) be the first derivative of -m**3/3 - 5*m**2/2 + 4*m + 1. Give i(-6).
-2
Let v(k) = -k - 2. Let n be v(-6). Let q(l) = 1. Let p(o) = -o + 11. Let d(h) = p(h) - 2*q(h). What is d(n)?
5
Let f(m) = -m + 1. Suppose n - 7 + 2 = 5*b, 5*b + n = -15. Let l(w) = -w**2 + 2*w - 2. Let u(a) = b*l(a) - 4*f(a). Give u(-1).
2
Let h(z) be the second derivative of z**3 + 5/2*z**2 + 7/12*z**4 + 1/20*z**5 + 5*z + 0. Give h(-6).
5
Let q(w) = -w**2 - 7*w - 7. Let u(t) = t**3 + 7*t**2 + 6*t - 6. Let o be u(-6). Let j be ((-4)/(32/(-12)))/((-6)/(-8)). Let i be (j - o)*(-6)/8. Determine q(i).
-1
Let s(a) = 8*a**2. Let t(r) = -r + 3. Let w(d) = -d**3 + 12*d**2 + 13*d + 4. Let u be w(13). Let c be t(u). Give s(c).
8
Let t(w) be the first derivative of -w**4/12 - w**3/3 - w**2/2 - 2*w + 2. Let j(s) be the first derivative of t(s). Give j(-1).
0
Let p(h) be the first derivative of 3*h + 5 + 3/2*h**2. Give p(-5).
-12
Let p(m) = m**2 - 2*m + 2. Let z(g) = -g**2 + 2*g - 1. Let x = -4 + 8. Suppose -x*w + 0 = -16. Let y(o) = w*p(o) + 5*z(o). What is y(3)?
0
Let i(k) = 2*k**2 - 5*k - 2. Let v = 17 - 59. Let r be (-96)/v + (-4)/14. Suppose 1 = -r*m + 9. Determine i(m).
10
Let n(c) = c**3 + 4*c**2 + 3. Let f(g) = 6*g**2 - 1. Let h be f(1). Suppose -h*l - 13 = 7. Give n(l).
3
Let n(v) be the second derivative of -3*v**5/20 - v**3/3 - v**2 - v - 26. What is n(-2)?
26
Let g be (-13 - -14)*(0 + 0). Let a(l) = l**3 - l**2 + l. Let i be a(g). Let o(b) = -b**2 + 4. Give o(i).
4
Suppose -16*y - 18 + 2 = 0. Let q(o) = o**2 - 3*o + 1. Let c(v) = -v**3 + v**2 - 5*v + 2. Let k(n) = -3*c(n) + 5*q(n). Give k(y).
-2
Let k = 10 + -11. Let h be -4 + 9/3 + k. Let j(a) = 5*a + 1. Give j(h).
-9
Let l(f) = 5 + 3*f + 1 - 6*f - 4*f. Let u(o) = 13*o - 12. Let n(k) = 11*l(k) + 6*u(k). Give n(5).
-1
Let o(k) = -10*k**2 + 24*k - 28. Let y(i) = -7*i**2 + 16*i - 19. Let q(z) = -5*o(z) + 7*y(z). Calculate q(5).
-8
Let y(o) = o - 2. Let t = -1 - -5. Suppose 3*g - 10 = -5*k, t = -g + 4*g + 2*k. Suppose -2*z + g*n = 3*n + 22, n - 1 = z. Calculate y(z).
-7
Suppose -5*x + x = -0*x. Let m(a) = -a**2 + a + 7. Give m(x).
7
Let d(x) be the second derivative of x**5/20 - 5*x**4/12 - 2*x**3/3 - 7*x**2/2 - 2*x. Suppose y + 15 = 3*o, 5*o + 2*y - 4*y - 24 = 0. What is d(o)?
5
Let k(n) = -12*n**3 - n**2. Let v(g) = g**2 + 8*g - 8. Let y be v(-9). Let t be (-8 - -6)*y/(-2). What is k(t)?
-13
Let t(h) be the 